{"id":3716,"date":"2023-06-07T08:27:57","date_gmt":"2023-06-07T08:27:57","guid":{"rendered":"https:\/\/aqua-academy.pt\/convencao\/?page_id=3716"},"modified":"2025-01-10T12:21:26","modified_gmt":"2025-01-10T12:21:26","slug":"termos-e-condicoes","status":"publish","type":"page","link":"https:\/\/aqua-academy.pt\/convencao\/termos-e-condicoes\/","title":{"rendered":"Termos e Condi\u00e7\u00f5es"},"content":{"rendered":"\t\t<div data-elementor-type=\"wp-page\" data-elementor-id=\"3716\" class=\"elementor elementor-3716\" data-elementor-post-type=\"page\">\n\t\t\t\t\t\t<section class=\"elementor-section elementor-top-section elementor-element elementor-element-e74b229 elementor-section-boxed elementor-section-height-default elementor-section-height-default\" data-id=\"e74b229\" data-element_type=\"section\" data-e-type=\"section\">\n\t\t\t\t\t\t<div class=\"elementor-container elementor-column-gap-default\">\n\t\t\t\t\t<div class=\"elementor-column elementor-col-100 elementor-top-column elementor-element elementor-element-58daef9\" data-id=\"58daef9\" data-element_type=\"column\" data-e-type=\"column\">\n\t\t\t<div class=\"elementor-widget-wrap elementor-element-populated\">\n\t\t\t\t\t\t<div class=\"elementor-element elementor-element-ee6aa55 elementor-widget elementor-widget-image\" data-id=\"ee6aa55\" data-element_type=\"widget\" data-e-type=\"widget\" data-widget_type=\"image.default\">\n\t\t\t\t<div class=\"elementor-widget-container\">\n\t\t\t\t\t\t\t\t\t\t\t\t\t\t\t<img fetchpriority=\"high\" decoding=\"async\" width=\"800\" height=\"300\" src=\"https:\/\/aqua-academy.pt\/convencao\/wp-content\/uploads\/2022\/09\/AA-LOGO-MUNDO-HIDRO.svg\" class=\"attachment-large size-large wp-image-2635\" alt=\"\" \/>\t\t\t\t\t\t\t\t\t\t\t\t\t\t\t<\/div>\n\t\t\t\t<\/div>\n\t\t\t\t\t<\/div>\n\t\t<\/div>\n\t\t\t\t\t<\/div>\n\t\t<\/section>\n\t\t\t\t<section class=\"elementor-section elementor-top-section elementor-element elementor-element-d42ad96 elementor-section-boxed elementor-section-height-default elementor-section-height-default\" data-id=\"d42ad96\" data-element_type=\"section\" data-e-type=\"section\">\n\t\t\t\t\t\t<div class=\"elementor-container elementor-column-gap-default\">\n\t\t\t\t\t<div class=\"elementor-column elementor-col-100 elementor-top-column elementor-element elementor-element-0fc3401\" data-id=\"0fc3401\" data-element_type=\"column\" data-e-type=\"column\">\n\t\t\t<div class=\"elementor-widget-wrap elementor-element-populated\">\n\t\t\t\t\t\t<div class=\"elementor-element elementor-element-ac8610c elementor-widget elementor-widget-heading\" data-id=\"ac8610c\" data-element_type=\"widget\" data-e-type=\"widget\" data-widget_type=\"heading.default\">\n\t\t\t\t<div class=\"elementor-widget-container\">\n\t\t\t\t\t<h1 class=\"elementor-heading-title elementor-size-default\">Termos e condi\u00e7\u00f5es<\/h1>\t\t\t\t<\/div>\n\t\t\t\t<\/div>\n\t\t\t\t<div class=\"elementor-element elementor-element-6821b2b elementor-widget elementor-widget-text-editor\" data-id=\"6821b2b\" data-element_type=\"widget\" data-e-type=\"widget\" data-widget_type=\"text-editor.default\">\n\t\t\t\t<div class=\"elementor-widget-container\">\n\t\t\t\t\t\t\t\t\t<p>Os presentes Termos e Condi\u00e7\u00f5es estabelecem as regras de acesso ao evento \u201cXXIII Conven\u00e7\u00e3o Internacional\u201d, cuja organiza\u00e7\u00e3o e titularidade exclusiva pertencem \u00e0 empresa Your Best Academy Unip, Lda., com sede na Estrada Consiglieri Pedroso n\u00ba 71, Ed. D, 5\u00ba Dto., 2730-055 Queluz de Baixo.<br \/>A gest\u00e3o dos presentes Termos e Condi\u00e7\u00f5es \u00e9 da exclusiva responsabilidade da Your Best Academy Unip, Lda., que se reserva no direito de alterar os presentes termos.<br \/>Este documento pode ser modificado, a qualquer momento, sem aviso pr\u00e9vio aos participantes. Em caso de conflito ou d\u00favida, apenas a vers\u00e3o em portugu\u00eas (PT-PT) deve ser considerada padr\u00e3o.<\/p>\t\t\t\t\t\t\t\t<\/div>\n\t\t\t\t<\/div>\n\t\t\t\t<div class=\"elementor-element elementor-element-9b5ca8e elementor-widget elementor-widget-heading\" data-id=\"9b5ca8e\" data-element_type=\"widget\" data-e-type=\"widget\" data-widget_type=\"heading.default\">\n\t\t\t\t<div class=\"elementor-widget-container\">\n\t\t\t\t\t<h3 class=\"elementor-heading-title elementor-size-default\">Cl\u00e1usula Primeira<\/h3>\t\t\t\t<\/div>\n\t\t\t\t<\/div>\n\t\t\t\t<div class=\"elementor-element elementor-element-6caaa96 elementor-widget elementor-widget-heading\" data-id=\"6caaa96\" data-element_type=\"widget\" data-e-type=\"widget\" data-widget_type=\"heading.default\">\n\t\t\t\t<div class=\"elementor-widget-container\">\n\t\t\t\t\t<div class=\"elementor-heading-title elementor-size-default\">(Descri\u00e7\u00e3o do Evento)<\/div>\t\t\t\t<\/div>\n\t\t\t\t<\/div>\n\t\t\t\t<div class=\"elementor-element elementor-element-6c8da4a elementor-widget elementor-widget-text-editor\" data-id=\"6c8da4a\" data-element_type=\"widget\" data-e-type=\"widget\" data-widget_type=\"text-editor.default\">\n\t\t\t\t<div class=\"elementor-widget-container\">\n\t\t\t\t\t\t\t\t\t<p>A XXIII Conven\u00e7\u00e3o Internacional \u00e9 um evento dedicado ao Fitness Aqu\u00e1tico, Terapia Aqu\u00e1tica e Nata\u00e7\u00e3o, composto por workshops te\u00f3rico-pr\u00e1ticos e palestras, com o objetivo de promover a sa\u00fade e o desenvolvimento profissional na \u00e1rea do Fitness Aqu\u00e1tico.<br \/>O evento ser\u00e1 realizado em Lisboa, em local ainda a definir, nos dias 25, 26 e 27 de outubro de 2024.<br \/>Os participantes ser\u00e3o notificados via e-mail sobre quaisquer atualiza\u00e7\u00f5es ou informa\u00e7\u00f5es relevantes relacionadas ao evento.<\/p>\t\t\t\t\t\t\t\t<\/div>\n\t\t\t\t<\/div>\n\t\t\t\t<div class=\"elementor-element elementor-element-1b9fd2a elementor-widget elementor-widget-heading\" data-id=\"1b9fd2a\" data-element_type=\"widget\" data-e-type=\"widget\" data-widget_type=\"heading.default\">\n\t\t\t\t<div class=\"elementor-widget-container\">\n\t\t\t\t\t<h3 class=\"elementor-heading-title elementor-size-default\">Cl\u00e1usula Segunda<\/h3>\t\t\t\t<\/div>\n\t\t\t\t<\/div>\n\t\t\t\t<div class=\"elementor-element elementor-element-70e9388 elementor-widget elementor-widget-heading\" data-id=\"70e9388\" data-element_type=\"widget\" data-e-type=\"widget\" data-widget_type=\"heading.default\">\n\t\t\t\t<div class=\"elementor-widget-container\">\n\t\t\t\t\t<div class=\"elementor-heading-title elementor-size-default\">(Destinat\u00e1rios)<\/div>\t\t\t\t<\/div>\n\t\t\t\t<\/div>\n\t\t\t\t<div class=\"elementor-element elementor-element-3937802 elementor-widget elementor-widget-text-editor\" data-id=\"3937802\" data-element_type=\"widget\" data-e-type=\"widget\" data-widget_type=\"text-editor.default\">\n\t\t\t\t<div class=\"elementor-widget-container\">\n\t\t\t\t\t\t\t\t\t<p>A XXIII Conven\u00e7\u00e3o Internacional destina-se a todos os interessados em participar num evento dedicado ao mundo do fitness aqu\u00e1tico, independentemente da idade.<br \/>A participa\u00e7\u00e3o de menores de 18 anos fica sujeita ao acompanhamento pelos respons\u00e1veis legais ou por um adulto devidamente autorizado, mediante declara\u00e7\u00e3o de autoriza\u00e7\u00e3o com reconhecimento presencial das assinaturas.<\/p>\t\t\t\t\t\t\t\t<\/div>\n\t\t\t\t<\/div>\n\t\t\t\t<div class=\"elementor-element elementor-element-f11417e elementor-widget elementor-widget-heading\" data-id=\"f11417e\" data-element_type=\"widget\" data-e-type=\"widget\" data-widget_type=\"heading.default\">\n\t\t\t\t<div class=\"elementor-widget-container\">\n\t\t\t\t\t<h3 class=\"elementor-heading-title elementor-size-default\">Cl\u00e1usula Terceira<\/h3>\t\t\t\t<\/div>\n\t\t\t\t<\/div>\n\t\t\t\t<div class=\"elementor-element elementor-element-9c9dcf3 elementor-widget elementor-widget-heading\" data-id=\"9c9dcf3\" data-element_type=\"widget\" data-e-type=\"widget\" data-widget_type=\"heading.default\">\n\t\t\t\t<div class=\"elementor-widget-container\">\n\t\t\t\t\t<div class=\"elementor-heading-title elementor-size-default\">(Cronograma)<\/div>\t\t\t\t<\/div>\n\t\t\t\t<\/div>\n\t\t\t\t<div class=\"elementor-element elementor-element-e5f5404 elementor-widget elementor-widget-text-editor\" data-id=\"e5f5404\" data-element_type=\"widget\" data-e-type=\"widget\" data-widget_type=\"text-editor.default\">\n\t\t\t\t<div class=\"elementor-widget-container\">\n\t\t\t\t\t\t\t\t\t<p>O cronograma completo do evento estar\u00e1 dispon\u00edvel em <a href=\"https:\/\/aqua-academy.pt\/convencao\/\">https:\/\/aqua-academy.pt\/convencao\/<\/a>.<br \/>O cronograma est\u00e1 sujeito a altera\u00e7\u00f5es, sendo responsabilidade dos participantes acompanhar quaisquer atualiza\u00e7\u00f5es no link acima mencionado.<\/p>\t\t\t\t\t\t\t\t<\/div>\n\t\t\t\t<\/div>\n\t\t\t\t<div class=\"elementor-element elementor-element-7c87136 elementor-widget elementor-widget-heading\" data-id=\"7c87136\" data-element_type=\"widget\" data-e-type=\"widget\" data-widget_type=\"heading.default\">\n\t\t\t\t<div class=\"elementor-widget-container\">\n\t\t\t\t\t<h3 class=\"elementor-heading-title elementor-size-default\">Cl\u00e1usula Quarta<\/h3>\t\t\t\t<\/div>\n\t\t\t\t<\/div>\n\t\t\t\t<div class=\"elementor-element elementor-element-2db1c07 elementor-widget elementor-widget-heading\" data-id=\"2db1c07\" data-element_type=\"widget\" data-e-type=\"widget\" data-widget_type=\"heading.default\">\n\t\t\t\t<div class=\"elementor-widget-container\">\n\t\t\t\t\t<div class=\"elementor-heading-title elementor-size-default\">(Inscri\u00e7\u00f5es e Pagamento)<\/div>\t\t\t\t<\/div>\n\t\t\t\t<\/div>\n\t\t\t\t<div class=\"elementor-element elementor-element-2f6bf86 elementor-widget elementor-widget-text-editor\" data-id=\"2f6bf86\" data-element_type=\"widget\" data-e-type=\"widget\" data-widget_type=\"text-editor.default\">\n\t\t\t\t<div class=\"elementor-widget-container\">\n\t\t\t\t\t\t\t\t\t<p>As inscri\u00e7\u00f5es para a XXIII Conven\u00e7\u00e3o Internacional ser\u00e3o realizadas atrav\u00e9s do site do evento, que disponibiliza diferentes op\u00e7\u00f5es de pagamento, incluindo Cart\u00e3o de D\u00e9bito, Cart\u00e3o de Cr\u00e9dito, Multibanco e MBWay.<br \/>\u00c9 estritamente proibida qualquer forma de venda n\u00e3o autorizada dos bilhetes para o evento.<br \/>Os bilhetes ser\u00e3o disponibilizados em diferentes fases, com pre\u00e7os variados. Consulte os bilhetes dispon\u00edveis em <a href=\"https:\/\/aqua-academy.pt\/convencao\/\">https:\/\/aqua-academy.pt\/convencao\/<\/a>.<br \/>Cada bilhete \u00e9 v\u00e1lido para uma \u00fanica pessoa e s\u00f3 pode ser utilizado pelo titular que consta na inscri\u00e7\u00e3o.<br \/>Qualquer tentativa de fraude, duplica\u00e7\u00e3o, c\u00f3pia ou uso indevido dos bilhetes ser\u00e1 pun\u00edvel nos termos legais.<br \/>Caso deseje transferir a titularidade do bilhete para outra pessoa, entre em contato com a organiza\u00e7\u00e3o atrav\u00e9s do e-mail <a href=\"mailto:suporte@grupo-academy.pt\">suporte@grupo-academy.pt<\/a>.<br \/>Os comprovativos de compra ser\u00e3o enviados automaticamente via e-mail ap\u00f3s pagamento bem sucedido. Caso n\u00e3o receba o comprovativo, verifique sua caixa de spam ou entre em contato com o suporte atrav\u00e9s de <a href=\"mailto:suporte@grupo-academy.pt\">suporte@grupo-academy.pt<\/a>.<\/p>\t\t\t\t\t\t\t\t<\/div>\n\t\t\t\t<\/div>\n\t\t\t\t<div class=\"elementor-element elementor-element-3849878 elementor-widget elementor-widget-heading\" data-id=\"3849878\" data-element_type=\"widget\" data-e-type=\"widget\" data-widget_type=\"heading.default\">\n\t\t\t\t<div class=\"elementor-widget-container\">\n\t\t\t\t\t<h3 class=\"elementor-heading-title elementor-size-default\">Cl\u00e1usula Quinta<\/h3>\t\t\t\t<\/div>\n\t\t\t\t<\/div>\n\t\t\t\t<div class=\"elementor-element elementor-element-1faee2a elementor-widget elementor-widget-heading\" data-id=\"1faee2a\" data-element_type=\"widget\" data-e-type=\"widget\" data-widget_type=\"heading.default\">\n\t\t\t\t<div class=\"elementor-widget-container\">\n\t\t\t\t\t<div class=\"elementor-heading-title elementor-size-default\">(Reembolso)<\/div>\t\t\t\t<\/div>\n\t\t\t\t<\/div>\n\t\t\t\t<div class=\"elementor-element elementor-element-46016d8 elementor-widget elementor-widget-text-editor\" data-id=\"46016d8\" data-element_type=\"widget\" data-e-type=\"widget\" data-widget_type=\"text-editor.default\">\n\t\t\t\t<div class=\"elementor-widget-container\">\n\t\t\t\t\t\t\t\t\t<p>Os participantes que adquirirem o \u201cBlind Ticket\u201d t\u00eam direito a solicitar o reembolso do valor pago em um prazo de 14 dias a contar do lan\u00e7amento da p\u00e1gina com o programa completo.<br \/>Ap\u00f3s o lan\u00e7amento da p\u00e1gina com o programa completo, os participantes t\u00eam direito a solicitar o reembolso do valor pago pelos bilhetes em um prazo de 14 dias a contar da compra, at\u00e9 no m\u00e1ximo 60 dias antes do in\u00edcio do evento.<br \/>Ser\u00e1 deduzida uma taxa administrativa de 15\u20ac em cada pedido de reembolso.<br \/>O reembolso ser\u00e1 efetuado no prazo de 14 dias ap\u00f3s o pedido, utilizando o mesmo m\u00e9todo de pagamento da transa\u00e7\u00e3o original.<br \/>Os pedidos de reembolso realizados ap\u00f3s o prazo m\u00e1ximo de 60 dias antes do in\u00edcio do evento ser\u00e3o reembolsados apenas em 50%, com a dedu\u00e7\u00e3o da taxa administrativa de 15\u20ac.<br \/>Para solicitar um reembolso, envie um e-mail para <a href=\"mailto:suporte@grupo-academy.pt\">suporte@grupo-academy.pt<\/a>.<br \/>N\u00e3o haver\u00e1 direito a reembolso ap\u00f3s o prazo m\u00e1ximo de 30 dias antes do in\u00edcio do evento.<br \/>N\u00e3o haver\u00e1 direito a reembolso em caso de n\u00e3o realiza\u00e7\u00e3o ou altera\u00e7\u00e3o substancial do evento devido a motivos de for\u00e7a maior ou causas naturais.<\/p>\t\t\t\t\t\t\t\t<\/div>\n\t\t\t\t<\/div>\n\t\t\t\t<div class=\"elementor-element elementor-element-90cae7b elementor-widget elementor-widget-heading\" data-id=\"90cae7b\" data-element_type=\"widget\" data-e-type=\"widget\" data-widget_type=\"heading.default\">\n\t\t\t\t<div class=\"elementor-widget-container\">\n\t\t\t\t\t<h3 class=\"elementor-heading-title elementor-size-default\">Cl\u00e1usula Sexta<\/h3>\t\t\t\t<\/div>\n\t\t\t\t<\/div>\n\t\t\t\t<div class=\"elementor-element elementor-element-9dcc911 elementor-widget elementor-widget-heading\" data-id=\"9dcc911\" data-element_type=\"widget\" data-e-type=\"widget\" data-widget_type=\"heading.default\">\n\t\t\t\t<div class=\"elementor-widget-container\">\n\t\t\t\t\t<div class=\"elementor-heading-title elementor-size-default\">(Tratamento de Dados Pessoais)<\/div>\t\t\t\t<\/div>\n\t\t\t\t<\/div>\n\t\t\t\t<div class=\"elementor-element elementor-element-2b63219 elementor-widget elementor-widget-text-editor\" data-id=\"2b63219\" data-element_type=\"widget\" data-e-type=\"widget\" data-widget_type=\"text-editor.default\">\n\t\t\t\t<div class=\"elementor-widget-container\">\n\t\t\t\t\t\t\t\t\t<p>A prote\u00e7\u00e3o da privacidade dos participantes \u00e9 uma prioridade para a Your Best Academy Unip, Lda. Para informa\u00e7\u00f5es sobre o tratamento de dados pessoais, consulte a nossa Pol\u00edtica de Privacidade dispon\u00edvel em <a href=\"https:\/\/aqua-academy.pt\/politica-de-privacidade\/\">https:\/\/aqua-academy.pt\/politica-de-privacidade\/<\/a>.<\/p>\t\t\t\t\t\t\t\t<\/div>\n\t\t\t\t<\/div>\n\t\t\t\t<div class=\"elementor-element elementor-element-9a573b3 elementor-widget elementor-widget-heading\" data-id=\"9a573b3\" data-element_type=\"widget\" data-e-type=\"widget\" data-widget_type=\"heading.default\">\n\t\t\t\t<div class=\"elementor-widget-container\">\n\t\t\t\t\t<h3 class=\"elementor-heading-title elementor-size-default\">Cl\u00e1usula S\u00e9tima<\/h3>\t\t\t\t<\/div>\n\t\t\t\t<\/div>\n\t\t\t\t<div class=\"elementor-element elementor-element-c91db12 elementor-widget elementor-widget-heading\" data-id=\"c91db12\" data-element_type=\"widget\" data-e-type=\"widget\" data-widget_type=\"heading.default\">\n\t\t\t\t<div class=\"elementor-widget-container\">\n\t\t\t\t\t<div class=\"elementor-heading-title elementor-size-default\">(Direitos de Propriedade Intelectual)<\/div>\t\t\t\t<\/div>\n\t\t\t\t<\/div>\n\t\t\t\t<div class=\"elementor-element elementor-element-4bc86b9 elementor-widget elementor-widget-text-editor\" data-id=\"4bc86b9\" data-element_type=\"widget\" data-e-type=\"widget\" data-widget_type=\"text-editor.default\">\n\t\t\t\t<div class=\"elementor-widget-container\">\n\t\t\t\t\t\t\t\t\t<p>Ao participar do evento, os participantes concordam que a Your Best Academy Unip, Lda. tem o direito exclusivo, irrevog\u00e1vel e gratuito de utilizar sua imagem e voz capturadas durante o evento (\u201cCess\u00e3o de Imagem e Voz\u201d) em qualquer pa\u00eds e jurisdi\u00e7\u00e3o, para a produ\u00e7\u00e3o de novas obras, campanhas promocionais, a\u00e7\u00f5es institucionais e outros fins relacionados ao evento.<br \/>\u00c9 proibido aos participantes gravar \u00e1udio, v\u00eddeo ou tirar fotografias durante o evento, a fim de proteger os direitos de propriedade intelectual dos palestrantes e especialistas convidados.<\/p>\t\t\t\t\t\t\t\t<\/div>\n\t\t\t\t<\/div>\n\t\t\t\t<div class=\"elementor-element elementor-element-b86c30e elementor-widget elementor-widget-heading\" data-id=\"b86c30e\" data-element_type=\"widget\" data-e-type=\"widget\" data-widget_type=\"heading.default\">\n\t\t\t\t<div class=\"elementor-widget-container\">\n\t\t\t\t\t<h3 class=\"elementor-heading-title elementor-size-default\">Cl\u00e1usula Oitava<\/h3>\t\t\t\t<\/div>\n\t\t\t\t<\/div>\n\t\t\t\t<div class=\"elementor-element elementor-element-31d58ce elementor-widget elementor-widget-heading\" data-id=\"31d58ce\" data-element_type=\"widget\" data-e-type=\"widget\" data-widget_type=\"heading.default\">\n\t\t\t\t<div class=\"elementor-widget-container\">\n\t\t\t\t\t<div class=\"elementor-heading-title elementor-size-default\">(Disposi\u00e7\u00f5es Gerais)<\/div>\t\t\t\t<\/div>\n\t\t\t\t<\/div>\n\t\t\t\t<div class=\"elementor-element elementor-element-2956313 elementor-widget elementor-widget-text-editor\" data-id=\"2956313\" data-element_type=\"widget\" data-e-type=\"widget\" data-widget_type=\"text-editor.default\">\n\t\t\t\t<div class=\"elementor-widget-container\">\n\t\t\t\t\t\t\t\t\t<p>Para garantir o conforto e a seguran\u00e7a de todos os participantes, os seguintes itens n\u00e3o s\u00e3o permitidos no evento:<\/p><ul><li>\u00c1lcool adquirido fora do local;<\/li><li>Drogas ou subst\u00e2ncias il\u00edcitas;<\/li><li>Armas de fogo e qualquer objeto que possa ser usado como arma;<\/li><li>Equipamento de amplifica\u00e7\u00e3o sonora, apitos ou megafones;<\/li><li>Artigos promocionais, comerciais, pol\u00edticos, religiosos ou ofensivos n\u00e3o autorizados.<\/li><\/ul><p>A viola\u00e7\u00e3o das regras acima resultar\u00e1 na expuls\u00e3o do participante do evento, sem preju\u00edzo das medidas legais apropriadas.<br \/>Espera-se que todos os participantes tenham um comportamento adequado e respeitoso em rela\u00e7\u00e3o aos outros participantes, palestrantes, funcion\u00e1rios e terceiros presentes no evento.<br \/>Comportamentos inadequados ou ofensivos, como racismo, xenofobia, homofobia ou agress\u00f5es, resultar\u00e3o na expuls\u00e3o imediata do participante do evento, sem preju\u00edzo das medidas legais apropriadas.<br \/>Qualquer lit\u00edgio decorrente dos presentes termos e condi\u00e7\u00f5es e da rela\u00e7\u00e3o comercial estabelecida pela aquisi\u00e7\u00e3o de bilhetes para o evento ser\u00e1 resolvido pela jurisdi\u00e7\u00e3o portuguesa, renunciando expressamente a qualquer outra jurisdi\u00e7\u00e3o. A legisla\u00e7\u00e3o portuguesa ser\u00e1 aplicada na interpreta\u00e7\u00e3o dos termos legais e contratuais relevantes.<br \/>A Your Best Academy Unip, Lda. compromete-se a resolver quaisquer lit\u00edgios de forma extrajudicial, buscando a rapidez e menor onerosidade para o participante.<br \/>Para esclarecer quaisquer d\u00favidas relacionadas ao evento e aos termos e condi\u00e7\u00f5es, entre em contato pelo e-mail <a href=\"mailto:suporte@grupo-academy.pt\">suporte@grupo-academy.pt<\/a>.<\/p>\t\t\t\t\t\t\t\t<\/div>\n\t\t\t\t<\/div>\n\t\t\t\t\t<\/div>\n\t\t<\/div>\n\t\t\t\t\t<\/div>\n\t\t<\/section>\n\t\t\t\t<\/div>\n\t\t","protected":false},"excerpt":{"rendered":"<p>Termos e condi\u00e7\u00f5es Os presentes Termos e Condi\u00e7\u00f5es estabelecem as regras de acesso ao evento \u201cXXIII Conven\u00e7\u00e3o Internacional\u201d, cuja organiza\u00e7\u00e3o e titularidade exclusiva pertencem \u00e0 empresa Your Best Academy Unip, Lda., com sede na Estrada Consiglieri Pedroso n\u00ba 71, Ed. D, 5\u00ba Dto., 2730-055 Queluz de Baixo.A gest\u00e3o dos presentes Termos e Condi\u00e7\u00f5es \u00e9 da [&hellip;]<\/p>\n","protected":false},"author":205,"featured_media":0,"parent":0,"menu_order":0,"comment_status":"closed","ping_status":"closed","template":"elementor_canvas","meta":{"_acf_changed":false,"footnotes":""},"categories":[],"tags":[],"wf_page_folders":[],"class_list":["post-3716","page","type-page","status-publish","hentry"],"acf":[],"_links":{"self":[{"href":"https:\/\/aqua-academy.pt\/convencao\/wp-json\/wp\/v2\/pages\/3716","targetHints":{"allow":["GET"]}}],"collection":[{"href":"https:\/\/aqua-academy.pt\/convencao\/wp-json\/wp\/v2\/pages"}],"about":[{"href":"https:\/\/aqua-academy.pt\/convencao\/wp-json\/wp\/v2\/types\/page"}],"author":[{"embeddable":true,"href":"https:\/\/aqua-academy.pt\/convencao\/wp-json\/wp\/v2\/users\/205"}],"replies":[{"embeddable":true,"href":"https:\/\/aqua-academy.pt\/convencao\/wp-json\/wp\/v2\/comments?post=3716"}],"version-history":[{"count":5,"href":"https:\/\/aqua-academy.pt\/convencao\/wp-json\/wp\/v2\/pages\/3716\/revisions"}],"predecessor-version":[{"id":5609,"href":"https:\/\/aqua-academy.pt\/convencao\/wp-json\/wp\/v2\/pages\/3716\/revisions\/5609"}],"wp:attachment":[{"href":"https:\/\/aqua-academy.pt\/convencao\/wp-json\/wp\/v2\/media?parent=3716"}],"wp:term":[{"taxonomy":"category","embeddable":true,"href":"https:\/\/aqua-academy.pt\/convencao\/wp-json\/wp\/v2\/categories?post=3716"},{"taxonomy":"post_tag","embeddable":true,"href":"https:\/\/aqua-academy.pt\/convencao\/wp-json\/wp\/v2\/tags?post=3716"},{"taxonomy":"wf_page_folders","embeddable":true,"href":"https:\/\/aqua-academy.pt\/convencao\/wp-json\/wp\/v2\/wf_page_folders?post=3716"}],"curies":[{"name":"wp","href":"https:\/\/api.w.org\/{rel}","templated":true}]}}